2*v - 2*a + 5*a. Does 7 divide v?
True
Suppose -20 = -5*s - 0*s. Suppose 17 + 19 = s*o. Is 4 a factor of o?
False
Let c(z) = -2 + 0 + 6*z + 16 - 6. Is c(7) a multiple of 10?
True
Let m(c) = 9*c**2. Let b = -11 + 13. Is m(b) a multiple of 12?
True
Let u(a) = -a - 5. Let k be u(0). Let x = k - -15. Suppose c - x = 3. Does 12 divide c?
False
Let c(h) = 27*h**2 + h + 6. Is 14 a factor of c(-2)?
True
Let x = 31 - 23. Does 4 divide x?
True
Suppose -4*c + f = -662, 0 = 3*f - 1 - 5. Does 15 divide c?
False
Suppose -4*f + 5*u - 5 = 0, 11 = -f - 5*u + 41. Suppose -f*m + 528 = m. Does 22 divide m?
True
Let c = 4 - 2. Suppose -3*i + c*i + 4 = 2*j, 5*j + 35 = 5*i. Does 4 divide i?
False
Let u(r) = r**3 - 7*r**2 - r + 10. Suppose -o = -3*h - 0*h + 18, -4*h - 4*o + 40 = 0. Let b be u(h). Suppose 5 = -b*x + 23. Is 3 a factor of x?
True
Let b(o) = 0*o**2 + o**2 - 2*o**2 - 11 + 16*o. Is 7 a factor of b(13)?
True
Is (-4*(-39)/(-6))/(-2) a multiple of 13?
True
Let k(x) = 5*x**2 - 4*x - 17. Is 9 a factor of k(-5)?
False
Suppose -48 + 16 = -4*x. Let d be 20*1*24/30. Suppose r = d + x. Is 8 a factor of r?
True
Suppose 20 = 5*h - h. Is 9 a factor of 1*2 + h + 17?
False
Suppose -2*n = -0*n. Suppose n = 4*x - 0*x - 4. Is 2 a factor of 1 - (0 - x) - 0?
True
Let i(y) = y**2 - 6*y + 6. Let v be i(4). Let p be v/7 + 184/56. Suppose -4*r + 3*r = -p. Is r a multiple of 2?
False
Let s be (-20)/(-4) - (0 + 0). Suppose -290 = -s*i - 0*i. Suppose 2*h - i = 4*t, 0 = -3*t - 15. Is h a multiple of 11?
False
Is 9 a factor of 108/48*8/1?
True
Suppose 2*d - 282 = -2*q, -12 = q + 3*q. Is 18 a factor of d?
True
Let o be 4/((-12)/9) - -45. Let r be 2 + 0*(-2)/(-4). Suppose o = j + r*j. Is j a multiple of 12?
False
Let l = 20 + -17. Is l even?
False
Suppose 252 = 6*b - 2*b. Let d = b + 15. Suppose -3*z + d = -12. Does 15 divide z?
True
Let k(r) = -2*r**3 - r**2 + 1. Let g be k(-1). Suppose -h + 7 = g. Suppose h*z + 25 = 0, -5*t - 2*z + 70 = -180. Is t a multiple of 14?
False
Suppose 0 = -14*t - 12 + 1552. Is t a multiple of 30?
False
Let p = -4 + 3. Is 11 a factor of 25 + (p - 2) + 0?
True
Let d(h) = 4*h**2 - 3*h. Let b be 0/(-1) + (-2 - 1). Let v be d(b). Let s = v + 1. Does 14 divide s?
False
Let m(s) = 5*s**3 - 8*s**2 - 10*s + 7. Let p(g) = -6*g**3 + 9*g**2 + 11*g - 8. Let c(f) = 5*m(f) + 4*p(f). Let r be c(6). Is 17 a factor of r/((-5)/(-2) - 1)?
False
Let r = -2 - 16. Does 11 divide (4 - 1)*1 - r?
False
Let x be (4/6)/((-6)/162). Suppose 0*m + 175 = 5*m. Let d = m + x. Does 15 divide d?
False
Suppose -112 = -16*k + 15*k. Does 7 divide k?
True
Is 9 a factor of 3/(-9) - (-2056)/12?
True
Let h be 1/(-4) - 110/8. Does 5 divide 4/(-6)*(h + -1)?
True
Let p(q) = -367*q**3 + 3*q + 2. Is 31 a factor of p(-1)?
False
Let q = -116 - -162. Suppose 34 = 5*s - q. Is 6 a factor of s?
False
Let f(w) = w**3 + 8*w**2 + 6*w - 4. Let u be f(-7). Suppose u - 21 = -5*r + j, 5*r - 2*j = 16. Suppose -r = -5*m + 196. Is m a multiple of 14?
False
Suppose 218 + 168 = 2*r. Is 37 a factor of r?
False
Let y(u) = u**3 + u**2 - u + 20. Let b(c) = c - 8. Let g be b(7). Let l be 2/(g + -1) + 1. Is y(l) a multiple of 10?
True
Let u = 277 - 102. Is 25 a factor of u?
True
Suppose 0 = 4*s + 16, -2*z - 5*s + 13 = -3. Is z a multiple of 6?
True
Let f(y) = 3*y + 5 - 4*y - 3. Let q be f(2). Suppose -5*s - 45 = -5*h, 27 = 3*h - 2*s - q*s. Is h a multiple of 9?
True
Suppose 2*j + 3*j = 40. Let k be 22/j + 2/8. Suppose -k*d - 2*s = -52, d + 4*d = s + 91. Is d a multiple of 10?
False
Let m(o) = -3*o + 38. Suppose -25 = 2*f - h, 0*f - h - 8 = f. Let g(l) = -l + 13. Let x(t) = f*g(t) + 4*m(t). Does 19 divide x(-10)?
True
Let h(v) = 25*v - 1. Let r be h(2). Suppose -87 = 4*j + r. Let a = 16 - j. Does 11 divide a?
False
Let g be 4/12 + 2/3. Suppose -7 + g = -l - k, -5*k + 15 = 0. Suppose -55 = -l*d + 65. Is d a multiple of 16?
False
Let d be 6/(-9) + (-320)/(-3). Suppose 4*k - d = 22. Is k a multiple of 12?
False
Let b(a) = 2*a - 10. Let f be b(6). Suppose 4*k + f*k - 414 = 0. Is 23 a factor of k?
True
Suppose 3*a = -f + a + 3, -3*f + 3*a + 36 = 0. Let q = 0 - 0. Let r = f - q. Is r a multiple of 6?
False
Let h = -130 - -220. Does 15 divide h?
True
Let b(r) = 4*r**2 + 6*r - 4. Let x be b(4). Suppose -3*s + x = -3*v, -9*s - 3*v + 156 = -4*s. Suppose -3*c = -s - 6. Is 6 a factor of c?
True
Suppose 5*t + 0*t = 0. Suppose 4*j - 2*j + 2*h = t, j + 3*h - 8 = 0. Does 3 divide j/(-10) - (-28)/5?
True
Suppose -o - 32 = -2*o. Suppose 4*f + 8 - 76 = 3*s, 2*f = 2*s + o. Is 11 a factor of f?
False
Let j = -39 - 4. Let v = j + 138. Let t = v + -68. Does 11 divide t?
False
Suppose 3*i + 2*z = i - 2, -4*i + 32 = -5*z. Suppose -4*a + 0*a + 52 = 4*k, 0 = i*k - 3*a - 21. Does 6 divide k?
False
Let h(t) = 103*t**2 + 2*t - 1. Let q be h(1). Let p be 4/(-18) + q/(-18). Is 22 a factor of 1*23*(p + 7)?
False
Suppose -5*t = 4*h - 557 + 40, 4*h - 12 = 0. Suppose -o = t - 24. Let s = -51 - o. Is s a multiple of 14?
False
Let k = 67 - 27. Is k a multiple of 7?
False
Suppose 0*w - 35 = -7*w. Suppose 4*o - 16 = 2*o. Let c = o - w. Is 2 a factor of c?
False
Suppose -5*v = -4*v - 6. Is v a multiple of 2?
True
Suppose 0*w + 8 = 2*w. Let b be (-2)/w*(-3 - 1). Is 1*(10 + b/1) a multiple of 12?
True
Let x(h) = -70*h**2 - h. Let g be x(1). Let a = g - -141. Suppose 0*n + 4*i + 12 = 2*n, 2*i + a = 5*n. Does 6 divide n?
False
Suppose -k = 18 + 60. Is 5 a factor of 2/(-3)*k/4?
False
Suppose -3*g = -5*x - 243, -4*g - 2*x = -6*x - 316. Is 27 a factor of g?
False
Suppose 0 = -0*t - t. Let z = t - -2. Suppose -24 = -o + z*q, 2*o - q - 39 = -0*o. Is o a multiple of 18?
True
Let q be 1*2/(-6)*0. Suppose 3*o - 144 = -q*o. Suppose n + 3*n = o. Does 12 divide n?
True
Suppose -m - 1 = -3. Suppose -m*i + 4*i = 0. Suppose 3*d + 135 = 3*v, i = 2*d + 3*d - 10. Does 14 divide v?
False
Let s = -5 + 5. Suppose 5*h + 25 = s, -2*r + 0*h - 2*h - 6 = 0. Is 2 a factor of r?
True
Suppose 2*z + g = 438, 3*z = -z + g + 876. Does 11 divide z?
False
Let s = 4 - -2. Suppose -s*d + 270 = -d. Is d a multiple of 14?
False
Let s(d) = -d**2 + 7*d - 2. Is s(5) a multiple of 4?
True
Suppose -27 = -r - 4*t, -2*r + t = 5*t - 42. Is (-4)/10 + 156/r a multiple of 7?
False
Suppose -269 = -3*t - 2*z, 6*t - 455 = t - 5*z. Suppose 51 = -2*g - t. Let m = -40 - g. Is m a multiple of 18?
False
Suppose 0 = -2*s + 3*s. Let j(m) = m. Let t be j(5). Suppose -t*b - 2*c + 33 = 0, 4*b + s*c - 4*c = 32. Is b a multiple of 7?
True
Suppose -4*c - 81 = 3*r, -c + 19 + 8 = -r. Let u = 51 + r. Is 12 a factor of u?
True
Suppose 24 = 5*y + p, -y + 3 + 7 = -5*p. Suppose 5*l = o + o + 165, 0 = y*o - 25. Does 12 divide l?
False
Let b(f) = -f + 9. Suppose -3*n = -3*m + 3 + 6, 3*m = 4*n + 9. Does 9 divide b(n)?
True
Let y(t) = t - 2. Let j be y(6). Suppose -d + 130 = j*d. Does 13 divide d?
True
Let h(r) = -r**3 + 7*r**2 - 3*r - 7. Let j be h(6). Suppose -6 - 2 = -4*k + 3*z, 4*z = k + j. Is k a multiple of 2?
False
Let z(x) = 3*x**2 - 4*x + 3. Suppose 0 = 2*o + o + 150. Let s be o/(-18) - (-6)/27. Is z(s) a multiple of 9?
True
Is 5 a factor of (1 - 5) + 25 + 1?
False
Let z be 1 - (1 - 1 - -1). Suppose z*t - t + 5 = 0. Suppose -d = 4*k + 3 - 7, -4*k = t*d - 68. Is 8 a factor of d?
True
Let t = 14 - -41. Is 11 a factor of t?
True
Let r be 2/(-6) + (-2)/(-6). Suppose 280 = -r*g - 4*g. Let w = -45 - g. Is 15 a factor of w?
False
Let l(w) = w**3 - 17*w**2 + 21*w + 13. Does 31 divide l(16)?
True
Suppose 0 = 5*o + 5*m - 300, -2*o + 15 + 93 = -4*m. Is 12 a factor of o?
False
Suppose 617 = 9*j - 139. Does 6 divide j?
True
Let w be (-1)/(-3) + (-48)/9. Let c = -3 - w. Suppose -5*u - o = -33, 3 = -c*o - 1. Is 2 a factor of u?
False
Let c(w) = -2*w - 8. Let n be c(-9). Let z = n + 7. Is 2 a factor of 2/(-5) + z/5?
False
Let k = 303 + -176. Let f = k + -69. Does 20 divide f?
False
Let y be -1 - 3/((-9)/3). Suppose y*d + 43 = 2*d - m, 0 = -2*d + 3*m + 45. Is 6 a factor of d?
False
Let j be 9*(-4 - 33/(-9)). Let f(p) = p**2 + p + 1. Let a(d) = 24*d**2 + 22*d + 20. Let c(z) = 2*a(z) - 44*f(z). Is c(j) a multiple of 16?
True
Let f be 10/(-15)*18/(-4). Let n = 69 - 41. Suppose f*g - n = g. Is g a multiple of 6?
False
Is 6 a factor of (-984)/(-18) + (8/3)/(-4)?
True
Let b = 1 + 0. Suppose -2*t + b = -5. Suppose k = -t*k + 4, -2*h + 5*k + 3 = 0. Does 4 d